{"id":4147,"date":"2025-03-30T00:38:48","date_gmt":"2025-03-30T00:38:48","guid":{"rendered":"https:\/\/people.utm.my\/mohdshahrizanmohdsaad\/?page_id=4147"},"modified":"2025-07-19T15:54:41","modified_gmt":"2025-07-19T15:54:41","slug":"home-page","status":"publish","type":"page","link":"https:\/\/people.utm.my\/mohdshahrizanmohdsaad\/","title":{"rendered":"HOME PAGE"},"content":{"rendered":"\n<div style=\"text-align:center;margin-bottom: 15px\">\n  <img decoding=\"async\" src=\"https:\/\/people.utm.my\/mohdshahrizanmohdsaad\/files\/2024\/07\/gambar-tuan.jpg\" alt=\"Mohd Shahrizan\" width=\"130\" style=\"border-radius: 50%;margin-bottom: 10px\">\n<\/div>\n\n<div style=\"background:#f0fdf4;padding:20px;border-radius:12px;border:1px solid #d1fae5;margin-bottom:15px\">\n  <p style=\"font-size: 1.2em;color:#047857;line-height:1.8;text-align:center\">\n    \u0628\u0650\u0633\u0652\u0645\u0650 \u0627\u0644\u0644\u0647\u0650 \u0627\u0644\u0631\u064e\u0651\u062d\u0652\u0645\u0670\u0646\u0650 \u0627\u0644\u0631\u064e\u0651\u062d\u0650\u064a\u0652\u0645\u0650<br>\n    \u0627\u064e\u0644\u0644\u0651\u064e\u0647\u064f\u0645\u0651\u064e \u0635\u064e\u0644\u0651\u0650 \u0639\u064e\u0644\u0670\u0649 \u0633\u064e\u064a\u0651\u0650\u062f\u0650\u0646\u064e\u0627 \u0645\u064f\u062d\u064e\u0645\u0651\u064e\u062f\u064d \u0648\u064e\u0639\u064e\u0644\u0670\u0649 \u0627\u0670\u0644\u0650 \u0633\u064e\u064a\u0651\u0650\u062f\u0650\u0646\u064e\u0627 \u0645\u064f\u062d\u064e\u0645\u0651\u064e\u062f\u064d<br>\n    All\u0101humma \u1e62alli \u2018Al\u0101 Sayyidin\u0101 Mu\u1e25ammad Wa \u2018Al\u0101 \u0100li Sayyidin\u0101 Mu\u1e25ammad,<br>\n    Kam\u0101 \u1e62allaita \u2018Al\u0101 Sayyidin\u0101 Ibr\u0101h\u012bm Wa \u2018Al\u0101 \u0100li Sayyidin\u0101 Ibr\u0101h\u012bm,<br>\n    Wa B\u0101rik \u2018Al\u0101 Sayyidin\u0101 Mu\u1e25ammad Wa \u2018Al\u0101 \u0100li Sayyidin\u0101 Mu\u1e25ammad,<br>\n    Kam\u0101 B\u0101rakta \u2018Al\u0101 Sayyidin\u0101 Ibr\u0101h\u012bm Wa \u2018Al\u0101 \u0100li Sayyidin\u0101 Ibr\u0101h\u012bm,<br>\n    Fil &#8216;\u0100lam\u012bn Innaka \u1e24am\u012bdun Maj\u012bd.\n  <\/p>\n  <p style=\"font-size:1.1em;text-align:center\">\n    <strong>Assalamualaikum warahmatullahi wabarakatuh,<\/strong><br>\n    Terima kasih kerana sudi melawat halaman ini.<br>\n    Di sini, saya sediakan ruang untuk anda meluah rasa, bertanya soalan, dan mencari ketenangan.<br><br>\n    <em>Jom, nak sembang apa kita hari ini?<\/em> \ud83c\udf3f\n  <\/p>\n<\/div>\n\n<div style=\"text-align:center;margin-top:30px\">\n  <a href=\"https:\/\/sembangshahrizanai.netlify.app\" target=\"_blank\" style=\"background:#047857;color:white;padding:14px 26px;font-size:1.1em;border-radius:10px;text-decoration:none\">\n    \ud83d\udcac Klik untuk Sembang bersama Mohd Shahrizan\n  <\/a>\n<\/div>\n\n\n<div class=\"wp-block-jetpack-ai-chat\" data-ask-button-label=\"Ask\" id=\"jetpack-ai-chat\" data-blog-id=\"157943487\" data-blog-type=\"jetpack\" data-placeholder=\"Ask a question about this site.\" data-show-copy=\"1\" data-show-feedback=\"1\" data-show-sources=\"1\"><\/div>\n\n\n<div class=\"wp-block-buttons is-layout-flex wp-block-buttons-is-layout-flex\"><\/div>\n\n\n\n<div class=\"wp-block-buttons is-layout-flex wp-block-buttons-is-layout-flex\"><\/div>\n\n\n<form role=\"search\" method=\"get\" action=\"https:\/\/people.utm.my\/mohdshahrizanmohdsaad\/\" class=\"wp-block-search__button-outside wp-block-search__text-button wp-block-search\"    ><label class=\"wp-block-search__label\" for=\"wp-block-search__input-1\" >Fikir apa? taip perkataan itu di sini<\/label><div class=\"wp-block-search__inside-wrapper\" ><input class=\"wp-block-search__input\" id=\"wp-block-search__input-1\" placeholder=\"\" value=\"\" type=\"search\" name=\"s\" required \/><button aria-label=\"Search\" class=\"wp-block-search__button wp-element-button\" type=\"submit\" >Search<\/button><\/div><\/form>\n\n\n<div class=\"wp-block-jetpack-repeat-visitor\"><div class=\"wp-block-jetpack-repeat-visitor__inner-container\"><\/div><\/div>\n\n\n\n<div class=\"wp-block-buttons is-content-justification-center is-layout-flex wp-container-core-buttons-is-layout-16018d1d wp-block-buttons-is-layout-flex\"><\/div>\n\n\n\n<blockquote class=\"wp-block-quote is-layout-flow wp-block-quote-is-layout-flow\">\n<p>whatsapp saya tekan link di bawah  \u2193\u2193\u2193\u2193\u2193<\/p>\n<\/blockquote>\n\n\n\n<div class=\"wp-block-jetpack-send-a-message\">\n<div class=\"wp-block-jetpack-whatsapp-button is-color-dark\"><a class=\"whatsapp-block__button\" href=\"https:\/\/api.whatsapp.com\/send?phone=60129071001&amp;text=Hi%2C%20I%20got%20your%20WhatsApp%20information%20from%20your%20website.\" style=\"background-color:#25D366;color:#fff\" target=\"_self\" rel=\"noopener noreferrer\">Chat on WhatsApp<\/a><\/div>\n<\/div>\n\n\n\n\n\n<div class=\"wp-block-buttons is-layout-flex wp-block-buttons-is-layout-flex\">\n<div class=\"wp-block-button\"><a class=\"wp-block-button__link wp-element-button\" href=\"https:\/\/www.facebook.com\/ainolhaslida.ismail\">facebook<\/a><\/div>\n<\/div>\n\n\n\n<pre class=\"wp-block-preformatted\"><\/pre>\n\n\n\n<div class=\"wp-block-buttons is-layout-flex wp-block-buttons-is-layout-flex\">\n<div class=\"wp-block-button\"><a class=\"wp-block-button__link wp-element-button\" href=\"https:\/\/people.utm.my\/mohdshahrizanmohdsaad\/2025\/04\/24\/buku-pelawat-visitors-book\/\">BUKU PELAWAT \/ VISITOR&#8217;S BOOK<\/a><\/div>\n<\/div>\n\n\n\n<figure class=\"wp-block-pullquote\"><blockquote><p><strong>Survey Form \/ Borang Tinjauan<\/strong><\/p><\/blockquote><\/figure>\n\n\n<div class=\"wp-block-jetpack-contact-form\"><a href=\"https:\/\/people.utm.my\/mohdshahrizanmohdsaad\/\" target=\"_blank\" rel=\"noopener noreferrer\">Submit a form.<\/a><\/div>\n\n\n<p><\/p>\n","protected":false},"excerpt":{"rendered":"<p>\u0628\u0650\u0633\u0652\u0645\u0650 \u0627\u0644\u0644\u0647\u0650 \u0627\u0644\u0631\u064e\u0651\u062d\u0652\u0645\u0670\u0646\u0650 \u0627\u0644\u0631\u064e\u0651\u062d\u0650\u064a\u0652\u0645\u0650 \u0627\u064e\u0644\u0644\u0651\u064e\u0647\u064f\u0645\u0651\u064e \u0635\u064e\u0644\u0651\u0650 \u0639\u064e\u0644\u0670\u0649 \u0633\u064e\u064a\u0651\u0650\u062f\u0650\u0646\u064e\u0627 \u0645\u064f\u062d\u064e\u0645\u0651\u064e\u062f\u064d \u0648\u064e\u0639\u064e\u0644\u0670\u0649 \u0627\u0670\u0644\u0650 \u0633\u064e\u064a\u0651\u0650\u062f\u0650\u0646\u064e\u0627 \u0645\u064f\u062d\u064e\u0645\u0651\u064e\u062f\u064d All\u0101humma \u1e62alli \u2018Al\u0101 Sayyidin\u0101 Mu\u1e25ammad Wa \u2018Al\u0101 \u0100li Sayyidin\u0101 Mu\u1e25ammad, Kam\u0101 \u1e62allaita \u2018Al\u0101 Sayyidin\u0101 Ibr\u0101h\u012bm Wa \u2018Al\u0101 \u0100li Sayyidin\u0101 Ibr\u0101h\u012bm, Wa B\u0101rik \u2018Al\u0101 Sayyidin\u0101 Mu\u1e25ammad Wa \u2018Al\u0101 \u0100li Sayyidin\u0101 Mu\u1e25ammad, Kam\u0101 B\u0101rakta \u2018Al\u0101 Sayyidin\u0101 Ibr\u0101h\u012bm Wa \u2018Al\u0101 \u0100li Sayyidin\u0101 Ibr\u0101h\u012bm, Fil &#8216;\u0100lam\u012bn &hellip; <a href=\"https:\/\/people.utm.my\/mohdshahrizanmohdsaad\/\" class=\"more-link\">Continue reading <span class=\"screen-reader-text\">HOME PAGE<\/span> <span class=\"meta-nav\">&rarr;<\/span><\/a><\/p>\n","protected":false},"author":14462,"featured_media":0,"parent":0,"menu_order":0,"comment_status":"open","ping_status":"closed","template":"","meta":{"advanced_seo_description":"","jetpack_seo_html_title":"","jetpack_seo_noindex":false,"jetpack_post_was_ever_published":false,"footnotes":""},"class_list":["post-4147","page","type-page","status-publish","hentry"],"jetpack_sharing_enabled":true,"jetpack_shortlink":"https:\/\/wp.me\/PaGIjB-14T","jetpack_likes_enabled":true,"jetpack-related-posts":[],"_links":{"self":[{"href":"https:\/\/people.utm.my\/mohdshahrizanmohdsaad\/wp-json\/wp\/v2\/pages\/4147","targetHints":{"allow":["GET"]}}],"collection":[{"href":"https:\/\/people.utm.my\/mohdshahrizanmohdsaad\/wp-json\/wp\/v2\/pages"}],"about":[{"href":"https:\/\/people.utm.my\/mohdshahrizanmohdsaad\/wp-json\/wp\/v2\/types\/page"}],"author":[{"embeddable":true,"href":"https:\/\/people.utm.my\/mohdshahrizanmohdsaad\/wp-json\/wp\/v2\/users\/14462"}],"replies":[{"embeddable":true,"href":"https:\/\/people.utm.my\/mohdshahrizanmohdsaad\/wp-json\/wp\/v2\/comments?post=4147"}],"version-history":[{"count":53,"href":"https:\/\/people.utm.my\/mohdshahrizanmohdsaad\/wp-json\/wp\/v2\/pages\/4147\/revisions"}],"predecessor-version":[{"id":4749,"href":"https:\/\/people.utm.my\/mohdshahrizanmohdsaad\/wp-json\/wp\/v2\/pages\/4147\/revisions\/4749"}],"wp:attachment":[{"href":"https:\/\/people.utm.my\/mohdshahrizanmohdsaad\/wp-json\/wp\/v2\/media?parent=4147"}],"curies":[{"name":"wp","href":"https:\/\/api.w.org\/{rel}","templated":true}]}}